5*q - 669 = -4*l, -4*l - 3*q = -i*l + 659. What is the units digit of l?
1
Let f(v) = 2*v**3 + 2*v**2 - v. Let c(q) = -10*q**3 + 8*q**2 - 70*q - 12. Let m(s) = c(s) + 6*f(s). What is the hundreds digit of m(8)?
6
Let x(k) = k**3 - 7*k**2 + 9*k - 4. Let o be x(5). Let z = 21 + o. Suppose z*i - 14*i = -36. What is the tens digit of i?
1
Let q = 117 + -111. Let y be (3/q)/(-5 - -6)*4. Suppose x = v + 135, 3*x + 3*v - 437 = -y*v. What is the hundreds digit of x?
1
Let x(i) be the second derivative of 11*i**4/12 + 2*i**3/3 - 5*i**2/2 - 8*i. Suppose 0 = -2*h - 2*b, -2*h + 0 - 6 = 4*b. What is the tens digit of x(h)?
0
Suppose 5*t = b + 2*t - 64, -5*b = 2*t - 354. What is the tens digit of 24030/b + 6/(-21)?
4
Let z(d) = 6*d - 140. Let w be z(38). Suppose 298 = 2*s - 3*q + 7*q, -s + 163 = -5*q. Let k = s - w. What is the tens digit of k?
6
Let z(c) = 4*c + 2. Let a be z(0). Suppose a*n = 108 + 52. Let f = -46 + n. What is the tens digit of f?
3
Let f(y) = 1684*y - 851. What is the hundreds digit of f(10)?
9
Let d(g) = 2*g**2 + 22*g - 181. Let z be d(-24). Suppose -5*f - 569 = -3*y + 89, 0 = 2*y + f - z. What is the hundreds digit of y?
2
Let h(t) = 4. Let f(r) = 20*r - 211. Let o(k) = -f(k) - 4*h(k). What is the hundreds digit of o(0)?
1
Suppose -6*n + 4*n = 0. Suppose n*o = 2*o. What is the tens digit of o/7 - (3/(-3) + -55)?
5
Let u = -2187 - -3570. What is the hundreds digit of u?
3
Let a = -426 - -441. Let g = 664 + a. What is the units digit of g?
9
Suppose -189159 = -3*p + 3*q, q + 83387 = -3*p + 272546. What is the thousands digit of p?
3
Let g(k) = -2365*k - 8276. What is the hundreds digit of g(-13)?
4
Let q = 180 - 177. What is the units digit of (-2 - q*-134) + 0?
0
Let h(v) = v**3 - 9*v**2 + 3. Let m be h(10). Let w = m + -101. Suppose -329 - 133 = -w*c. What is the hundreds digit of c?
2
Suppose -38*j + 38973 = -139931. What is the hundreds digit of j?
7
Let x(v) = v**2 + 2*v - 3. Let g = -11 - -12. Let m be x(g). Suppose -s = 3*r - 214, -3*r + 5*s + 0*s + 190 = m. What is the tens digit of r?
7
Suppose 11*j - 7*j - 1092 = 0. Let f be 0 + (-1 - (-6)/(18/j)). Suppose -2*v = -604 + f. What is the hundreds digit of v?
2
What is the units digit of 3/18*-2*(-8842 - 8)?
0
Let y be 483/2 - (-2)/4. What is the units digit of (-10 - -5) + (y - 1)?
6
Suppose 174 = 2*s - 3*d, -118 - 64 = -2*s + 5*d. Suppose -s = -2*n + 135. Let z = -63 + n. What is the units digit of z?
5
Let q(a) = -297*a**3 + 12*a**2 + 24. Let t(i) = -149*i**3 + 6*i**2 + 13. Let g(y) = 6*q(y) - 11*t(y). What is the hundreds digit of g(-2)?
1
Suppose -o + 24 = -3*o + 4*k, -25 = -5*k. Let g(z) = z**2 + 1. Let x(b) = 12*b**2 + b + 5. Let i(s) = o*g(s) + x(s). What is the hundreds digit of i(-4)?
1
Let u(z) = 7 - 1 + 15*z - z. Let f(p) = -51*p + 4. Let l be f(0). What is the tens digit of u(l)?
6
Let f(b) = b**3 + 3*b**2 + b - 2. Let c be f(-2). Suppose c = 4*q - 2*q - 52. Suppose -28*j + q*j = -302. What is the hundreds digit of j?
1
Suppose 28*g - 10925 = 3*g. Suppose 0 = 8*k - g - 5931. What is the hundreds digit of k?
7
Let a be (-5 + (-5201)/14)*-2. Suppose -7*m + 8*m - a = n, m - 757 = 3*n. What is the units digit of m?
1
Let u = -3825 + 5358. Suppose u = 5*f - 402. What is the hundreds digit of f?
3
Suppose -610 - 71 = 3*h. Let d = 14 - h. Let q = 426 - d. What is the units digit of q?
5
Let d(x) be the second derivative of -17*x**3/3 + 37*x**2/2 - 2*x + 2. What is the tens digit of d(-22)?
8
Let d(o) = -5*o**3 + 18*o**2 - 29*o - 176. What is the units digit of d(-14)?
8
Suppose 318*o = 313*o - 2*s + 80012, 2*o + 4*s = 32008. What is the hundreds digit of o?
0
Let a = -467 + 458. What is the units digit of (-9)/15*18015/a?
1
Suppose 5*n - 7 = 23. Suppose 4*x - 5012 = -884. Suppose -n*g = 216 - x. What is the tens digit of g?
3
Let n(a) be the second derivative of 1/3*a**4 - 8*a + 0 - 11/2*a**2 - 1/3*a**3. What is the hundreds digit of n(7)?
1
Let t(g) = -2*g**3 - 3*g + 2. Let j be t(0). Let i be j/5*31 - (-12)/(-30). What is the hundreds digit of (7677/i)/3 - (-18)/24?
2
Suppose 14*l - 30186 = 58182. What is the thousands digit of l?
6
Let p = 31364 + 21736. What is the hundreds digit of p?
1
Let c(q) = -9*q - 185 - 7*q - 3*q + 7*q. What is the tens digit of c(-35)?
3
Let v(h) = 454*h**3 - 131*h**2 + 504*h + 7. What is the ten thousands digit of v(4)?
2
Let l(m) = 26*m**3 - 60*m**2 + 30*m + 10. What is the units digit of l(8)?
2
Let j be ((-4)/(-6))/((-2)/(-6)). Suppose -2717 = -35*y + 2393. Suppose 4*g - j*g = y. What is the tens digit of g?
7
Let q = 21920 - 12642. What is the tens digit of q?
7
Suppose 3*x - 4446 = -i, -16*x + 16 = -20*x. What is the hundreds digit of i?
4
Suppose i + 14 - 89 = -o, 3*i = o + 225. Let v(w) = -i*w - 3 + 1 + 24*w. What is the tens digit of v(-1)?
4
Let x(d) = 2*d - 6 - 11 - 1. Let f be x(26). Suppose 570 = 4*t - f. What is the tens digit of t?
5
Let g be (-3 + 114/(-4))*2. Let c = g - -43. Let j(z) = -z**2 - 22*z + 34. What is the units digit of j(c)?
4
Let m(v) = 5*v + 22*v**2 - 15 - 19*v**2 - 10. Let w be (-2)/4*-16*-1. What is the hundreds digit of m(w)?
1
Let y(w) = 10*w**2 + 11*w - 38. What is the units digit of y(7)?
9
Suppose 0 = -5*i + b + 14204, 11363 = 4*i - b - 0*b. Suppose 4*t + 893 = i. What is the tens digit of t?
8
Let h = 245 + -241. Suppose -4*t = -v - 1376, 3*t - h*v = -7*v + 1047. What is the units digit of t?
5
Suppose -4*i + 97 = 4*k + 21, 3*i = -5*k + 55. Let u be ((-45)/(-5))/(-3 + 4). Suppose i*s - 902 = u*s. What is the units digit of s?
2
Let p(k) = -33*k**3 + k**2 - 8*k + 21. Let h be p(3). Let b = 570 - h. What is the hundreds digit of b?
4
Let o(g) = -5*g - 86. Let i be o(10). Let z = 145 + i. What is the units digit of z?
9
Suppose 4*x - 2*x = 3*f - 64953, 6*x = 18. What is the tens digit of f?
5
Suppose -8*m + 6*m - 12 = -4*l, 4*l = 4*m + 8. Suppose -1068 = -4*j + 2*h, -m*h = -3*j + 788 + 15. What is the tens digit of j?
6
Suppose 203206 = 5*a - 7*q + 57214, -a - q + 29184 = 0. What is the units digit of a?
0
Let x be ((-4)/3)/(2/(-6)). Suppose i - x - 6 = 0. What is the tens digit of 296/i*5/2?
7
Let c(l) = -l**2 - 16*l - 22. Let y = -135 - -116. Let r be c(y). Let p = r - -204. What is the units digit of p?
5
Suppose -8*a + 66*a = -268257 + 2611863. What is the thousands digit of a?
0
Let i be 2/5 + 309/15. Suppose -8*z + i = 5. What is the tens digit of 0*z/(-6) + 109 - 2?
0
Let x(h) = -5*h**2 - 31*h + 15. Let r(z) = -z**2. Let n(l) = 6*r(l) - x(l). What is the hundreds digit of n(13)?
2
Suppose 260 + 158 = 2*w. Let c = w - 17. What is the tens digit of c?
9
Let y be 1/2 + 11039/38. Suppose 2*n = 3*d - 2*n - y, -5*d - n = -485. What is the units digit of d?
7
Let h(j) = 4*j**2 - 28*j. Let c be h(-12). Suppose c = 4*s + 5*v, -2*v = 4*s - 326 - 586. What is the tens digit of s?
2
Let k be ((-5)/(-25)*-9)/(2/(-10)). Suppose 27 = 6*j - k. Let f(d) = d + 18. What is the tens digit of f(j)?
2
Let x = 14739 + -5064. What is the tens digit of x?
7
Let j be (-3 + 65/(-1))/(-4 + 2). Let a be 7 - (j/51 - 4/6). Suppose -3*i = -a*i + 512. What is the units digit of i?
8
Let i = 95 - 91. Suppose -i*z = p + 25 - 9, -p = 2*z + 6. Suppose -4*j - 128 - 36 = -2*n, 0 = -p*n + 2*j + 322. What is the units digit of n?
0
Let b be 6616/(-10)*(-45)/(-18). What is the hundreds digit of (36 - 32)/((-8)/b)?
8
Let f(k) = k**3 + 47*k**2 - 63*k + 613. What is the thousands digit of f(20)?
6
Let k(n) = 39*n**2 + 82*n - 1577. What is the thousands digit of k(20)?
5
Let v be 4 + (1 - (0 - -3)). What is the units digit of (-175)/(-50) + v + (-10)/4?
3
Suppose 0 = -18*a - 16*a + 1409028. What is the thousands digit of a?
1
Suppose 0 = -3*j - j + 16. Suppose 38 = j*y + 14. Suppose y*d + 2*q = 3*d + 143, 46 = d - q. What is the tens digit of d?
4
Let v(g) = -5*g + 15. Let b be v(3). Suppose b = -y + 2*c - 149, 5*y + 734 = -3*c + 2*c. Let p = y - -258. What is the units digit of p?
1
Let x(l) = -130*l + 119*l - 34 + 106. Let w be (-3 - -3) + -1 + -10 - -1. What is the hundreds digit of x(w)?
1
Suppose -16*k = -23*k - 28. Let r be 2/(-7) - k*90/84. Suppose -f - 236 = -2*h + 10, -f = -r*h + 488. What is the hundreds digit of h?
1
Suppose -42 + 18 = -8*v. Suppose v*m + 51480 = 39*m. What is the units digit of m?
0
Let g = 49 + -80. Let u = g + 29